{"id":838,"date":"2018-06-07T10:18:04","date_gmt":"2018-06-07T08:18:04","guid":{"rendered":"https:\/\/centroprivacy.asmecal.it\/demo2\/?page_id=837"},"modified":"2022-04-12T17:25:53","modified_gmt":"2022-04-12T15:25:53","slug":"privacy","status":"publish","type":"page","link":"https:\/\/centroprivacy.asmecal.it\/comunepetrona\/?page_id=838","title":{"rendered":"Privacy"},"content":{"rendered":"<h1>INFORMATIVA per il trattamento dei dati personali ai sensi dell\u2019art 13 del Regolamento europeo n. 679\/2016<\/h1>\n<p>&nbsp;<\/p>\n<h3>1. Premessa<\/h3>\n<p>Ai sensi dell\u2019art. 13 del Regolamento europeo n. 679\/2016, il\u00a0 Comune di Petron\u00e0, in qualit\u00e0 di \u201cTitolare\u201d del trattamento, \u00e8 tenuta a fornirle informazioni in merito all\u2019utilizzo dei suoi dati personali.<\/p>\n<p>&nbsp;<\/p>\n<h3>2.\u00a0\u00a0 Identit\u00e0 e i dati di contatto del titolare del trattamento<\/h3>\n<p>Il Titolare del trattamento dei dati personali di cui alla presente Informativa \u00e8 il\u00a0 Comune di Petron\u00e0, con sede in Via Nazionale 200, 88050 Petron\u00e0 (CZ) &#8211; pec: <a href=\"mailto:protocollo.petrona@asmepec.it\" style=\"word-break: break-all; display: inline-block;\">protocollo.petrona@asmepec.it<\/a> . il quale in qualit\u00e0 di titolare tratter\u00e0 i dati personali conferiti con modalit\u00e0 prevalentemente informatiche e telematiche, per le finalit\u00e0 previste dal Regolamento (UE) 2016\/679 (RGPD), in particolare per l&#8217;esecuzione dei propri compiti di interesse pubblico o comunque connessi all&#8217;esercizio dei propri pubblici poteri, ivi incluse le finalit\u00e0 di archiviazione, di ricerca storica e di analisi per scopi statistici.<\/p>\n<p>&nbsp;<\/p>\n<h3>3.\u00a0\u00a0 Il Responsabile della protezione dei dati personali<\/h3>\n<p>Il Comune di \u00a0Comune di Petron\u00e0 ha designato quale Responsabile della protezione dei dati la societ\u00e0 <a href=\"http:\/\/www.asmenetcalabria.it\/index.php\/it\/\">ASMENET CALABRIA S.C.A.R.L.<\/a> (<a href=\"mailto:supporto.asmenet@asmepec.it\">asmenetcalabria@asmepec.it<\/a>)<\/p>\n<p>&nbsp;<\/p>\n<h3>4.\u00a0\u00a0 Responsabili del trattamento<\/h3>\n<p>L\u2019Ente pu\u00f2 avvalersi di soggetti terzi per l\u2019espletamento di attivit\u00e0 e relativi trattamenti di dati personali di cui l\u2019Ente ha la titolarit\u00e0. Conformemente a quanto stabilito dalla normativa, tali soggetti assicurano livelli esperienza, capacit\u00e0 e affidabilit\u00e0 tali da garantire il rispetto delle vigenti disposizioni in materia di trattamento, ivi compreso il profilo della sicurezza dei dati.<br \/>\nVengono formalizzate da parte dell\u2019Ente istruzioni, compiti ed oneri in capo a tali soggetti terzi con la designazione degli stessi a &#8220;Responsabili del trattamento&#8221;. Vengono sottoposti tali soggetti a verifiche periodiche al fine di constatare il mantenimento dei livelli di garanzia registrati in occasione dell\u2019affidamento dell\u2019incarico iniziale.<\/p>\n<p>&nbsp;<\/p>\n<h3>5.\u00a0\u00a0 Soggetti autorizzati al trattamento<\/h3>\n<p>I Suoi dati personali sono trattati da personale interno previamente autorizzato e designato quale incaricato del trattamento, a cui sono impartite idonee istruzioni in ordine a misure, accorgimenti, modus operandi, tutti volti alla concreta tutela dei tuoi dati personali.<\/p>\n<p>&nbsp;<\/p>\n<h3>6.\u00a0\u00a0 Finalit\u00e0 e base giuridica del trattamento<\/h3>\n<p>Il trattamento dei suoi dati personali viene effettuato dal Comune di Petron\u00e0 per lo svolgimento di funzioni istituzionali e, pertanto, ai sensi dell\u2019art. 6 comma 1 lett. e) non necessita del suo consenso.<\/p>\n<p>I dati personali sono in relazione al procedimento ed alle attivit\u00e0 correlate.<\/p>\n<p>&nbsp;<\/p>\n<h3>7.\u00a0\u00a0 Destinatari dei dati personali<\/h3>\n<p>I suoi dati personali potranno essere comunicati ad altri Enti competenti di cui si avvale il Comune, al solo scopo di procedere all\u2019istruttoria della pratica.<\/p>\n<p>&nbsp;<\/p>\n<h3>8.\u00a0\u00a0 Trasferimento dei dati personali a Paesi extra UE<\/h3>\n<p>I suoi dati personali non sono trasferiti al di fuori dell\u2019Unione europea.<\/p>\n<p>&nbsp;<\/p>\n<h3>9.\u00a0\u00a0 Periodo di conservazione<\/h3>\n<p>I suoi dati sono conservati per un periodo non superiore a quello necessario per il perseguimento delle finalit\u00e0 sopra menzionate. A tal fine, anche mediante controlli periodici, viene verificata costantemente la stretta pertinenza, non eccedenza e indispensabilit\u00e0 dei dati rispetto al rapporto, alla prestazione o all&#8217;incarico in corso, da instaurare o cessati, anche con riferimento ai dati che Lei fornisce di propria iniziativa. I dati che, anche a seguito delle verifiche, risultano eccedenti o non pertinenti o non indispensabili non sono utilizzati, salvo che per l&#8217;eventuale conservazione, a norma di legge, dell&#8217;atto o del documento che li contiene.<\/p>\n<p>&nbsp;<\/p>\n<h3>10.\u00a0\u00a0\u00a0 I suoi diritti<\/h3>\n<p>Nella sua qualit\u00e0 di interessato,\u00a0Lei potr\u00e0, in qualsiasi momento, esercitare i\u00a0<span lang=\"zxx\" xml:lang=\"zxx\"><u><strong>diritti<\/strong><\/u><\/span>:<\/p>\n<ul>\n<li>di richiedere maggiori informazioni in relazione ai contenuti della presente informativa<\/li>\n<li>di accesso ai dati personali;<\/li>\n<li>di ottenere la rettifica o la cancellazione degli stessi o la limitazione del trattamento che lo riguardano (nei casi previsti dalla normativa);<\/li>\n<li>di opporsi al trattamento (nei casi previsti dalla normativa);<\/li>\n<li>alla portabilit\u00e0 dei dati (nei casi previsti dalla normativa);<\/li>\n<li>di revocare il consenso, ove previsto; la revoca del consenso non pregiudica la liceit\u00e0 del trattamento basata sul consenso conferito prima della revoca;<\/li>\n<li>di proporre reclamo all&#8217;autorit\u00e0 di controllo (Garante Privacy);<\/li>\n<li>di dare mandato a un organismo, un&#8217;organizzazione o un&#8217;associazione senza scopo di lucro per l&#8217;esercizio dei suoi diritti;<\/li>\n<li>di richiedere il risarcimento dei danni conseguenti alla violazione della normativa.<\/li>\n<\/ul>\n<p>&nbsp;<\/p>\n<h3>11.\u00a0\u00a0\u00a0 Conferimento dei dati<\/h3>\n<p>Il conferimento dei Suoi dati \u00e8 facoltativo, ma necessario per le finalit\u00e0 sopra indicate. Il mancato conferimento comporter\u00e0 l\u2019impossibilit\u00e0 di procedere all\u2019istruttoria da Lei richiesta.<\/p>\n\n<p><a href=\"https:\/\/centroprivacy.asmecal.it\/comunepetrona\/wp-content\/uploads\/sites\/296\/2022\/04\/ACCESSO-CIVICO_COMUNE-PETRONA.pdf\">ACCESSO CIVICO<\/a><\/p>\n<p><a href=\"https:\/\/centroprivacy.asmecal.it\/comunepetrona\/wp-content\/uploads\/sites\/296\/2022\/04\/ACCORDI-CONVENZIONI_COMUNE-PETRONA.pdf\">ACCORDI-CONVENZIONI<\/a><\/p>\n<p><a href=\"https:\/\/centroprivacy.asmecal.it\/comunepetrona\/wp-content\/uploads\/sites\/296\/2022\/04\/AGEVOLAZIONI-TRIBUTARIE_COMUNE-PETRONA.pdf\">AGEVOLAZIONI TRIBUTARIE<\/a><\/p>\n<p><a href=\"https:\/\/centroprivacy.asmecal.it\/comunepetrona\/wp-content\/uploads\/sites\/296\/2022\/04\/ALBO-PRETORIO_COMUNE-PETRONA.pdf\">ALBO PRETORIO<\/a><\/p>\n<p><a href=\"https:\/\/centroprivacy.asmecal.it\/comunepetrona\/wp-content\/uploads\/sites\/296\/2022\/04\/ALIMENTI-E-BEVANDE_COMUNE-PETRONA.pdf\">ALIMENTI E BEVANDE<\/a><\/p>\n<p><a href=\"https:\/\/centroprivacy.asmecal.it\/comunepetrona\/wp-content\/uploads\/sites\/296\/2022\/04\/ANAGRAFE-CANINA_COMUNE-PETRONA.pdf\">ANAGRAFE CANINA<\/a><\/p>\n<p><a href=\"https:\/\/centroprivacy.asmecal.it\/comunepetrona\/wp-content\/uploads\/sites\/296\/2022\/04\/ANAGRAFE_COMUNE-PETRONA.pdf\">ANAGRAFE<\/a><\/p>\n<p><a href=\"https:\/\/centroprivacy.asmecal.it\/comunepetrona\/wp-content\/uploads\/sites\/296\/2022\/04\/ARCHIVIO-E-PROTOCOLLO_COMUNE-PETRONA.pdf\">ARCHIVIO E PROTOCOLLO<\/a><\/p>\n<p><a href=\"https:\/\/centroprivacy.asmecal.it\/comunepetrona\/wp-content\/uploads\/sites\/296\/2022\/04\/ARCHIVIO-STORICO_COMUNE-PETRONA.pdf\">ARCHIVIO STORICO<\/a><\/p>\n<p><a href=\"https:\/\/centroprivacy.asmecal.it\/comunepetrona\/wp-content\/uploads\/sites\/296\/2022\/04\/ASILI-NIDO-E-SCUOLA-DELLINFANZIA_COMUNE-PETRONA.pdf\">ASILI NIDO E SCUOLA DELL&#8217;INFANZIA<\/a><\/p>\n<p><a href=\"https:\/\/centroprivacy.asmecal.it\/comunepetrona\/wp-content\/uploads\/sites\/296\/2022\/04\/ASSICURAZIONI_COMUNE-PETRONA.pdf\">ASSICURAZIONI<\/a><\/p>\n<p><a href=\"https:\/\/centroprivacy.asmecal.it\/comunepetrona\/wp-content\/uploads\/sites\/296\/2022\/04\/ASSISTENZA-DOMICILIARE_COMUNE-PETRONA.pdf\">ASSISTENZA DOMICILIARE<\/a><\/p>\n<p><a href=\"https:\/\/centroprivacy.asmecal.it\/comunepetrona\/wp-content\/uploads\/sites\/296\/2022\/04\/ASSISTENZA-SCOLASTICA_COMUNE-PETRONA.pdf\">ASSISTENZA SCOLASTICA<\/a><\/p>\n<p><a href=\"https:\/\/centroprivacy.asmecal.it\/comunepetrona\/wp-content\/uploads\/sites\/296\/2022\/04\/ATTIVITA-ANIMATORIALI_COMUNE-PETRONA.pdf\">ATTIVITA&#8217; ANIMATORIALI<\/a><\/p>\n<p><a href=\"https:\/\/centroprivacy.asmecal.it\/comunepetrona\/wp-content\/uploads\/sites\/296\/2022\/04\/ATTIVITA-PER-I-MINORI_COMUNE-PETRONA.pdf\">ATTIVITA&#8217; PER I MINORI<\/a><\/p>\n<p><a href=\"https:\/\/centroprivacy.asmecal.it\/comunepetrona\/wp-content\/uploads\/sites\/296\/2022\/04\/AUTOCERTIFICAZIONI_COMUNE-PETRONA.pdf\">AUTOCERTIFICAZIONI<\/a><\/p>\n<p><a href=\"https:\/\/centroprivacy.asmecal.it\/comunepetrona\/wp-content\/uploads\/sites\/296\/2022\/04\/AUTORIZZAZIONE-PUBBLICA-SICUREZZA_COMUNE-PETRONA.pdf\">AUTORIZZAZIONE PUBBLICA SICUREZZA<\/a><\/p>\n<p><a href=\"https:\/\/centroprivacy.asmecal.it\/comunepetrona\/wp-content\/uploads\/sites\/296\/2022\/04\/AUTORIZZAZIONI_COMUNE-PETRONA.pdf\">AUTORIZZAZIONI<\/a><\/p>\n<p><a href=\"https:\/\/centroprivacy.asmecal.it\/comunepetrona\/wp-content\/uploads\/sites\/296\/2022\/04\/BIBLIOTECA_COMUNE-PETRONA.pdf\">BIBLIOTECA<\/a><\/p>\n<p><a href=\"https:\/\/centroprivacy.asmecal.it\/comunepetrona\/wp-content\/uploads\/sites\/296\/2022\/04\/CIMITERI_COMUNE-PETRONA.pdf\">CIMITERI<\/a><\/p>\n<p><a href=\"https:\/\/centroprivacy.asmecal.it\/comunepetrona\/wp-content\/uploads\/sites\/296\/2022\/04\/COMMERCIO-E-AGRICOLTURA_COMUNE-PETRONA.pdf\">COMMERCIO E AGRICOLTURA<\/a><\/p>\n<p><a href=\"https:\/\/centroprivacy.asmecal.it\/comunepetrona\/wp-content\/uploads\/sites\/296\/2022\/04\/CONCESSIONI-TEMPORANEE-SPAZI_COMUNE-PETRONA.pdf\">CONCESSIONI TEMPORANEE SPAZI<\/a><\/p>\n<p><a href=\"https:\/\/centroprivacy.asmecal.it\/comunepetrona\/wp-content\/uploads\/sites\/296\/2022\/04\/CONSERVAZIONE-SOSTITUTIVA_COMUNE-PETRONA.pdf\">CONSERVAZIONE SOSTITUTIVA<\/a><\/p>\n<p><a href=\"https:\/\/centroprivacy.asmecal.it\/comunepetrona\/wp-content\/uploads\/sites\/296\/2022\/04\/CONSULTAZIONI-ELETTORALI_COMUNE-PETRONA.pdf\">CONSULTAZIONI ELETTORALI<\/a><\/p>\n<p><a href=\"https:\/\/centroprivacy.asmecal.it\/comunepetrona\/wp-content\/uploads\/sites\/296\/2022\/04\/CONTENZIOSO_COMUNE-PETRONA.pdf\">CONTENZIOSO<\/a><\/p>\n<p><a href=\"https:\/\/centroprivacy.asmecal.it\/comunepetrona\/wp-content\/uploads\/sites\/296\/2022\/04\/CONTRATTI_COMUNE-PETRONA.pdf\">CONTRATTI<\/a><\/p>\n<p><a href=\"https:\/\/centroprivacy.asmecal.it\/comunepetrona\/wp-content\/uploads\/sites\/296\/2022\/04\/CONTRIBUTI-PER-EVENTI-ECCEZIONALI_COMUNE-PETRONA.pdf\">CONTRIBUTI PER EVENTI ECCEZIONALI<\/a><\/p>\n<p><a href=\"https:\/\/centroprivacy.asmecal.it\/comunepetrona\/wp-content\/uploads\/sites\/296\/2022\/04\/CONTROLLO-ACCESSI_COMUNE-PETRONA.pdf\">CONTROLLO ACCESSI<\/a><\/p>\n<p><a href=\"https:\/\/centroprivacy.asmecal.it\/comunepetrona\/wp-content\/uploads\/sites\/296\/2022\/04\/CONTROLLO-PARTECIPATE_COMUNE-PETRONA.pdf\">CONTROLLO PARTECIPATE<\/a><\/p>\n<p><a href=\"https:\/\/centroprivacy.asmecal.it\/comunepetrona\/wp-content\/uploads\/sites\/296\/2022\/04\/COVID_COMUNE-PETRONA.pdf\">COVID<\/a><\/p>\n<p><a href=\"https:\/\/centroprivacy.asmecal.it\/comunepetrona\/wp-content\/uploads\/sites\/296\/2022\/04\/DEMOCRAZIA-PARTECIPATIVA_COMUNE-PETRONA.pdf\">DEMOCRAZIA PARTECIPATIVA<\/a><\/p>\n<p><a href=\"https:\/\/centroprivacy.asmecal.it\/comunepetrona\/wp-content\/uploads\/sites\/296\/2022\/04\/EDILIZIA-SOCIALE_COMUNE-PETRONA.pdf\">EDILIZIA SOCIALE<\/a><\/p>\n<p><a href=\"https:\/\/centroprivacy.asmecal.it\/comunepetrona\/wp-content\/uploads\/sites\/296\/2022\/04\/ELETTORALE_COMUNE-PETRONA.pdf\">ELETTORALE<\/a><\/p>\n<p><a href=\"https:\/\/centroprivacy.asmecal.it\/comunepetrona\/wp-content\/uploads\/sites\/296\/2022\/04\/ENTRATE-TRIBUTI_COMUNE-PETRONA.pdf\">ENTRATE TRIBUTI<\/a><\/p>\n<p><a href=\"https:\/\/centroprivacy.asmecal.it\/comunepetrona\/wp-content\/uploads\/sites\/296\/2022\/04\/ESPROPRI_COMUNE-PETRONA.pdf\">ESPROPRI<\/a><\/p>\n<p><a href=\"https:\/\/centroprivacy.asmecal.it\/comunepetrona\/wp-content\/uploads\/sites\/296\/2022\/04\/ESTERNALIZZAZIONI_COMUNE-PETRONA.pdf\">ESTERNALIZZAZIONI<\/a><\/p>\n<p><a href=\"https:\/\/centroprivacy.asmecal.it\/comunepetrona\/wp-content\/uploads\/sites\/296\/2022\/04\/GARE-E-APPALTI_COMUNE-PETRONA.pdf\">GARE E APPALTI<\/a><\/p>\n<p><a href=\"https:\/\/centroprivacy.asmecal.it\/comunepetrona\/wp-content\/uploads\/sites\/296\/2022\/04\/GESTIONE-ECONOMICA_COMUNE-PETRONA.pdf\">GESTIONE ECONOMICA<\/a><\/p>\n<p><a href=\"https:\/\/centroprivacy.asmecal.it\/comunepetrona\/wp-content\/uploads\/sites\/296\/2022\/04\/GESTIONE-PATRIMONIO_COMUNE-PETRONA.pdf\">GESTIONE PATRIMONIO<\/a><\/p>\n<p><a href=\"https:\/\/centroprivacy.asmecal.it\/comunepetrona\/wp-content\/uploads\/sites\/296\/2022\/04\/GESTIONE-PERSONALE_COMUNE-PETRONA.pdf\">GESTIONE PERSONALE<\/a><\/p>\n<p><a href=\"https:\/\/centroprivacy.asmecal.it\/comunepetrona\/wp-content\/uploads\/sites\/296\/2022\/04\/GIUDICI-POPOLARI_COMUNE-PETRONA.pdf\">GIUDICI POPOLARI<\/a><\/p>\n<p><a href=\"https:\/\/centroprivacy.asmecal.it\/comunepetrona\/wp-content\/uploads\/sites\/296\/2022\/04\/IGIENE-URBANA_COMUNE-PETRONA.pdf\">IGIENE URBANA<\/a><\/p>\n<p><a href=\"https:\/\/centroprivacy.asmecal.it\/comunepetrona\/wp-content\/uploads\/sites\/296\/2022\/04\/LASCITI-E-DONAZIONI_COMUNE-PETRONA.pdf\">LASCITI E DONAZIONI<\/a><\/p>\n<p><a href=\"https:\/\/centroprivacy.asmecal.it\/comunepetrona\/wp-content\/uploads\/sites\/296\/2022\/04\/LEVA-MILITARE_COMUNE-PETRONA.pdf\">LEVA MILITARE<\/a><\/p>\n<p><a href=\"https:\/\/centroprivacy.asmecal.it\/comunepetrona\/wp-content\/uploads\/sites\/296\/2022\/04\/MANIFESTAZIONI-PUBBLICHE_COMUNE-PETRONA.pdf\">MANIFESTAZIONI PUBBLICHE<\/a><\/p>\n<p><a href=\"https:\/\/centroprivacy.asmecal.it\/comunepetrona\/wp-content\/uploads\/sites\/296\/2022\/04\/MESSI-E-NOTIFICHE_COMUNE-PETRONA.pdf\">MESSI E NOTIFICHE<\/a><\/p>\n<p><a href=\"https:\/\/centroprivacy.asmecal.it\/comunepetrona\/wp-content\/uploads\/sites\/296\/2022\/04\/OCCUPAZIONE-GIOVANILE_COMUNE-PETRONA.pdf\">OCCUPAZIONE GIOVANILE<\/a><\/p>\n<p><a href=\"https:\/\/centroprivacy.asmecal.it\/comunepetrona\/wp-content\/uploads\/sites\/296\/2022\/04\/OPERE-PUBBLICHE_COMUNE-PETRONA.pdf\">OPERE PUBBLICHE<\/a><\/p>\n<p><a href=\"https:\/\/centroprivacy.asmecal.it\/comunepetrona\/wp-content\/uploads\/sites\/296\/2022\/04\/ORDINANZE_COMUNE-PETRONA.pdf\">ORDINANZE<\/a><\/p>\n<p><a href=\"https:\/\/centroprivacy.asmecal.it\/comunepetrona\/wp-content\/uploads\/sites\/296\/2022\/04\/ORGANI-ISTITUZIONALI_COMUNE-PETRONA.pdf\">ORGANI ISTITUZIONALI<\/a><\/p>\n<p><a href=\"https:\/\/centroprivacy.asmecal.it\/comunepetrona\/wp-content\/uploads\/sites\/296\/2022\/04\/POLIZIA-AMMINISTRATIVA_COMUNE-PETRONA.pdf\">POLIZIA AMMINISTRATIVA<\/a><\/p>\n<p><a href=\"https:\/\/centroprivacy.asmecal.it\/comunepetrona\/wp-content\/uploads\/sites\/296\/2022\/04\/POLIZIA-MUNICIPALE-ACCERTAMENTI_COMUNE-PETRONA.pdf\">POLIZIA MUNICIPALE ACCERTAMENTI<\/a><\/p>\n<p><a href=\"https:\/\/centroprivacy.asmecal.it\/comunepetrona\/wp-content\/uploads\/sites\/296\/2022\/04\/POLIZIA-MUNICIPALE-ILLECITI-EDILIZI_COMUNE-PETRONA.pdf\">POLIZIA MUNICIPALE ILLECITI EDILIZI<\/a><\/p>\n<p><a href=\"https:\/\/centroprivacy.asmecal.it\/comunepetrona\/wp-content\/uploads\/sites\/296\/2022\/04\/POLIZIA-MUNICIPALE-INCIDENTI-STRADALI_COMUNE-PETRONA.pdf\">POLIZIA MUNICIPALE INCIDENTI STRADALI<\/a><\/p>\n<p><a href=\"https:\/\/centroprivacy.asmecal.it\/comunepetrona\/wp-content\/uploads\/sites\/296\/2022\/04\/POLIZIA-MUNICIPALE-NOTIZIE-DI-REATO_COMUNE-PETRONA.pdf\">POLIZIA MUNICIPALE NOTIZIE DI REATO<\/a><\/p>\n<p><a href=\"https:\/\/centroprivacy.asmecal.it\/comunepetrona\/wp-content\/uploads\/sites\/296\/2022\/04\/POLIZIA-MUNICIPALE-POLIZIA-GIUDIZIARIA_COMUNE-PETRONA.pdf\">POLIZIA MUNICIPALE POLIZIA GIUDIZIARIA<\/a><\/p>\n<p><a href=\"https:\/\/centroprivacy.asmecal.it\/comunepetrona\/wp-content\/uploads\/sites\/296\/2022\/04\/POLIZIA-MUNICIPALE-VIOLAZIONI-E-SANZIONI-AMMINISTRATIVE-E-PENALI_COMUNE-PETRONA.pdf\">POLIZIA MUNICIPALE VIOLAZIONI E SANZIONI AMMINISTRATIVE E PENALI<\/a><\/p>\n<p><a href=\"https:\/\/centroprivacy.asmecal.it\/comunepetrona\/wp-content\/uploads\/sites\/296\/2022\/04\/PROGRAMMAZIONE-ORGANIZZAZIONE-CONTROLLO_COMUNE-PETRONA.pdf\">PROGRAMMAZIONE-ORGANIZZAZIONE-CONTROLLO<\/a><\/p>\n<p><a href=\"https:\/\/centroprivacy.asmecal.it\/comunepetrona\/wp-content\/uploads\/sites\/296\/2022\/04\/PROMOZIONE-E-INFORMAZIONE_COMUNE-PETRONA.pdf\">PROMOZIONE E INFORMAZIONE<\/a><\/p>\n<p><a href=\"https:\/\/centroprivacy.asmecal.it\/comunepetrona\/wp-content\/uploads\/sites\/296\/2022\/04\/PROTEZIONE-CIVILE_COMUNE-PETRONA.pdf\">PROTEZIONE CIVILE<\/a><\/p>\n<p><a href=\"https:\/\/centroprivacy.asmecal.it\/comunepetrona\/wp-content\/uploads\/sites\/296\/2022\/04\/PROTEZIONE-DEI-DATI-PERSONALI_COMUNE-PETRONA.pdf\">PROTEZIONE DEI DATI PERSONALI<\/a><\/p>\n<p><a href=\"https:\/\/centroprivacy.asmecal.it\/comunepetrona\/wp-content\/uploads\/sites\/296\/2022\/04\/PROVVEDIMENTI-SANITARI-TSO-SEQUESTRI_COMUNE-PETRONA.pdf\">PROVVEDIMENTI SANITARI &#8211; TSO &#8211; SEQUESTRI<\/a><\/p>\n<p><a href=\"https:\/\/centroprivacy.asmecal.it\/comunepetrona\/wp-content\/uploads\/sites\/296\/2022\/04\/SEGNALAZIONI_COMUNE-PETRONA.pdf\">SEGNALAZIONI<\/a><\/p>\n<p><a href=\"https:\/\/centroprivacy.asmecal.it\/comunepetrona\/wp-content\/uploads\/sites\/296\/2022\/04\/SERVIZI-A-DOMANDA-INDIVIDUALE_COMUNE-PETRONA.pdf\">SERVIZI A DOMANDA INDIVIDUALE<\/a><\/p>\n<p><a href=\"https:\/\/centroprivacy.asmecal.it\/comunepetrona\/wp-content\/uploads\/sites\/296\/2022\/04\/SERVIZI-ON-LINE_COMUNE-PETRONA.pdf\">SERVIZI ON LINE<\/a><\/p>\n<p><a href=\"https:\/\/centroprivacy.asmecal.it\/comunepetrona\/wp-content\/uploads\/sites\/296\/2022\/04\/SERVIZI-SCOLASTICI_COMUNE-PETRONA.pdf\">SERVIZI SCOLASTICI<\/a><\/p>\n<p><a href=\"https:\/\/centroprivacy.asmecal.it\/comunepetrona\/wp-content\/uploads\/sites\/296\/2022\/04\/SERVIZI-SOCIALI_COMUNE-PETRONA.pdf\">SERVIZI SOCIALI<\/a><\/p>\n<p><a href=\"https:\/\/centroprivacy.asmecal.it\/comunepetrona\/wp-content\/uploads\/sites\/296\/2022\/04\/SICUREZZA-SUL-LAVORO_COMUNE-PETRONA.pdf\">SICUREZZA SUL LAVORO<\/a><\/p>\n<p><a href=\"https:\/\/centroprivacy.asmecal.it\/comunepetrona\/wp-content\/uploads\/sites\/296\/2022\/04\/SISTEMA-INFORMATICO_COMUNE-PETRONA.pdf\">SISTEMA INFORMATICO<\/a><\/p>\n<p><a href=\"https:\/\/centroprivacy.asmecal.it\/comunepetrona\/wp-content\/uploads\/sites\/296\/2022\/04\/SOCIALE-LAVORO_COMUNE-PETRONA.pdf\">SOCIALE LAVORO<\/a><\/p>\n<p><a href=\"https:\/\/centroprivacy.asmecal.it\/comunepetrona\/wp-content\/uploads\/sites\/296\/2022\/04\/SOSTEGNO-ECONOMICO_COMUNE-PETRONA.pdf\">SOSTEGNO ECONOMICO<\/a><\/p>\n<p><a href=\"https:\/\/centroprivacy.asmecal.it\/comunepetrona\/wp-content\/uploads\/sites\/296\/2022\/04\/SPORTELLO-UNICO-EDILIZIA-SUE_COMUNE-PETRONA.pdf\">SPORTELLO UNICO EDILIZIA &#8211; SUE<\/a><\/p>\n<p><a href=\"https:\/\/centroprivacy.asmecal.it\/comunepetrona\/wp-content\/uploads\/sites\/296\/2022\/04\/STAFF-DI-GABINETTO-DEL-SINDACO_COMUNE-PETRONA.pdf\">STAFF DI GABINETTO DEL SINDACO<\/a><\/p>\n<p><a href=\"https:\/\/centroprivacy.asmecal.it\/comunepetrona\/wp-content\/uploads\/sites\/296\/2022\/04\/STATISTICA_COMUNE-PETRONA.pdf\">STATISTICA<\/a><\/p>\n<p><a href=\"https:\/\/centroprivacy.asmecal.it\/comunepetrona\/wp-content\/uploads\/sites\/296\/2022\/04\/STATO-CIVILE_COMUNE-PETRONA.pdf\">STATO CIVILE<\/a><\/p>\n<p><a href=\"https:\/\/centroprivacy.asmecal.it\/comunepetrona\/wp-content\/uploads\/sites\/296\/2022\/04\/STRUMENTI-DI-PROMOZIONE-DEL-TERRITORIO_COMUNE-PETRONA.pdf\">STRUMENTI DI PROMOZIONE DEL TERRITORIO<\/a><\/p>\n<p><a href=\"https:\/\/centroprivacy.asmecal.it\/comunepetrona\/wp-content\/uploads\/sites\/296\/2022\/04\/SUAP_COMUNE-PETRONA.pdf\">SUAP<\/a><\/p>\n<p><a href=\"https:\/\/centroprivacy.asmecal.it\/comunepetrona\/wp-content\/uploads\/sites\/296\/2022\/04\/TRAFFICO-PERMESSI_COMUNE-PETRONA.pdf\">TRAFFICO PERMESSI<\/a><\/p>\n<p><a href=\"https:\/\/centroprivacy.asmecal.it\/comunepetrona\/wp-content\/uploads\/sites\/296\/2022\/04\/TRASPARENZA-ANTICORRUZIONE_COMUNE-PETRONA.pdf\">TRASPARENZA ANTICORRUZIONE<\/a><\/p>\n<p><a href=\"https:\/\/centroprivacy.asmecal.it\/comunepetrona\/wp-content\/uploads\/sites\/296\/2022\/04\/TUTELA-AMBIENTALE-E-DECORO-URBANO_COMUNE-PETRONA.pdf\">TUTELA AMBIENTALE E DECORO URBANO<\/a><\/p>\n<p><a href=\"https:\/\/centroprivacy.asmecal.it\/comunepetrona\/wp-content\/uploads\/sites\/296\/2022\/04\/TUTELA-GIURIDICA_COMUNE-PETRONA.pdf\">TUTELA GIURIDICA<\/a><\/p>\n<p><a href=\"https:\/\/centroprivacy.asmecal.it\/comunepetrona\/wp-content\/uploads\/sites\/296\/2022\/04\/VIDEOSORVEGLIANZA_COMUNE-PETRONA.pdf\">VIDEOSORVEGLIANZA<\/a><\/p>\n","protected":false},"excerpt":{"rendered":"<p>ACCESSO CIVICO ACCORDI-CONVENZIONI AGEVOLAZIONI TRIBUTARIE ALBO PRETORIO ALIMENTI E BEVANDE ANAGRAFE CANINA ANAGRAFE ARCHIVIO E PROTOCOLLO ARCHIVIO STORICO ASILI NIDO E SCUOLA DELL&#8217;INFANZIA ASSICURAZIONI ASSISTENZA DOMICILIARE ASSISTENZA SCOLASTICA ATTIVITA&#8217; ANIMATORIALI ATTIVITA&#8217; PER I MINORI AUTOCERTIFICAZIONI AUTORIZZAZIONE PUBBLICA SICUREZZA AUTORIZZAZIONI BIBLIOTECA CIMITERI COMMERCIO E AGRICOLTURA CONCESSIONI TEMPORANEE SPAZI CONSERVAZIONE SOSTITUTIVA CONSULTAZIONI ELETTORALI CONTENZIOSO CONTRATTI CONTRIBUTI PER [&hellip;]<\/p>\n","protected":false},"author":1,"featured_media":0,"parent":0,"menu_order":0,"comment_status":"closed","ping_status":"closed","template":"template-fullpage-nosidebar.php","meta":{"footnotes":""},"class_list":["post-838","page","type-page","status-publish","hentry"],"_links":{"self":[{"href":"https:\/\/centroprivacy.asmecal.it\/comunepetrona\/index.php?rest_route=\/wp\/v2\/pages\/838","targetHints":{"allow":["GET"]}}],"collection":[{"href":"https:\/\/centroprivacy.asmecal.it\/comunepetrona\/index.php?rest_route=\/wp\/v2\/pages"}],"about":[{"href":"https:\/\/centroprivacy.asmecal.it\/comunepetrona\/index.php?rest_route=\/wp\/v2\/types\/page"}],"author":[{"embeddable":true,"href":"https:\/\/centroprivacy.asmecal.it\/comunepetrona\/index.php?rest_route=\/wp\/v2\/users\/1"}],"replies":[{"embeddable":true,"href":"https:\/\/centroprivacy.asmecal.it\/comunepetrona\/index.php?rest_route=%2Fwp%2Fv2%2Fcomments&post=838"}],"version-history":[{"count":4,"href":"https:\/\/centroprivacy.asmecal.it\/comunepetrona\/index.php?rest_route=\/wp\/v2\/pages\/838\/revisions"}],"predecessor-version":[{"id":1026,"href":"https:\/\/centroprivacy.asmecal.it\/comunepetrona\/index.php?rest_route=\/wp\/v2\/pages\/838\/revisions\/1026"}],"wp:attachment":[{"href":"https:\/\/centroprivacy.asmecal.it\/comunepetrona\/index.php?rest_route=%2Fwp%2Fv2%2Fmedia&parent=838"}],"curies":[{"name":"wp","href":"https:\/\/api.w.org\/{rel}","templated":true}]}}